l.
10
Let n = 17 + -4. Let o = n - 8. Calculate the remainder when o is divided by 2.
1
Let j(b) = -b**2 - 9*b + 3. Calculate the remainder when j(-7) is divided by 13.
4
Suppose -286 = -5*w + 4. Calculate the remainder when w is divided by 10.
8
Let s = -65 - -106. Calculate the remainder when s is divided by 14.
13
Let w = -75 + 194. Let g = w - 28. Suppose -130 = -5*b + 3*t, -b - g = -5*b + 5*t. What is the remainder when b is divided by 10?
9
Let n = 132 - -72. What is the remainder when n/16 - 3/(-12) is divided by 22/3 - (-2)/(-6)?
6
Suppose 148 = 3*f + 40. Let h = -26 + f. What is the remainder when 29 is divided by h?
9
Suppose -6 + 14 = -2*d. Suppose -2*y + 7*y + 2*m = 100, -3*y + 51 = 3*m. What is the remainder when 304/y + d/(-22) is divided by 4?
2
Let s(v) = -v**2 - 3*v + 1. Let r be s(-3). Let b = r + 10. Calculate the remainder when 19 is divided by b.
8
Let h(g) = -g**3 - 10*g**2 - 10*g - 18. What is the remainder when h(-10) is divided by 28?
26
Suppose 2*i = -4*g - 2, 0 = 2*i - 2 - 4. Let n be g - 6/9*-69. Suppose -7*m + n = -3*m. What is the remainder when 20 is divided by m?
9
Let p = 6 + 1. Calculate the remainder when 34 is divided by p.
6
Suppose -4*r + v = -232, -75 = -r - 7*v + 3*v. Let j be ((-1)/(2/(-8)))/1. Let g(l) = l**3 - 3*l**2 + 4. Calculate the remainder when r is divided by g(j).
19
Suppose 5 = 13*j - 47. Suppose -5*k = 20, 0 = 4*y + 5*k - 4 + 12. Calculate the remainder when j is divided by y.
1
Suppose -2*j = 2*j - 48. What is the remainder when j is divided by 6?
0
Suppose -5*k - 2*k + 98 = 0. Calculate the remainder when k is divided by 4.
2
Let a = 23 - 14. Let z(n) = -n**3 - 6*n**2 - n - 2. Let w(f) = f - 1. Let v(s) = 3*w(s) - z(s). What is the remainder when v(-4) is divided by a?
6
Let b(g) = g + 10. Let v be b(-7). Suppose -v*j = -163 + 37. Calculate the remainder when j is divided by 22.
20
Let h(w) = 2*w**2 + 9*w + 5. Suppose 1 = -2*l - 3. Let k = l + 10. Calculate the remainder when h(-6) is divided by k.
7
Let k(g) = -9*g + 27 - 28 + 2*g + 58*g. Calculate the remainder when k(1) is divided by 3/(-6) + (-35)/(-2).
16
Let y = 17 + 0. Let n(l) = -l**3 + 4*l**2 - 3*l + 4. Let g be n(4). Let f = 14 + g. What is the remainder when y is divided by f?
5
Suppose -3*i = -8*i - 2*h + 336, -4*i + 4*h + 252 = 0. Calculate the remainder when i is divided by 17.
15
Let j(g) = -g**3 + 5*g - 4*g**2 + 9*g + 7 + 13*g**2 - 22. Suppose 0 = -h + 2*q + 9, -2*h + 2*q + 3*q = -18. Calculate the remainder when j(10) is divided by h.
7
Suppose -4*k - 61 = 35. Calculate the remainder when 24 is divided by (-15)/2*k/20.
6
Suppose -u + 2 = -5. Suppose j = 2*a + 14, -74 = -4*j + 4*a - 2*a. Calculate the remainder when j is divided by u.
6
Let i(j) = 4*j**2 - 3*j - 3. Let d be i(4). Suppose -4*b + d = m, b + 4*m = -3*b + 64. Suppose 2*x = b - 3. Calculate the remainder when 10 is divided by x.
2
Let k(h) = -44*h + 1. Let d(u) = 44*u - 1. Let c(b) = -5*d(b) - 4*k(b). Calculate the remainder when c(-1) is divided by 24.
21
Suppose 3*f = -2*x + 5, 2*x = -2*f - 0 + 2. Suppose -2*u = f*u. Let o(w) = w + 11. What is the remainder when 20 is divided by o(u)?
9
Suppose 0 = r + 3, 0 = 4*d - 3*r - 3 + 14. Let n(k) = k**3 + 6*k**2 + 2*k - 6. What is the remainder when n(d) is divided by 4?
1
Suppose 2*o + 3*o = 30. Let v = 4 - 2. Calculate the remainder when o is divided by v.
0
Let a(f) = -f**3 + 9*f**2 - 3*f - 17. Calculate the remainder when a(8) is divided by 12.
11
Suppose -2*l + 15 = t, -l - 3 = -4. Suppose 0*k = -k + 7. What is the remainder when t is divided by k?
6
Let y = -841 - -466. Calculate the remainder when 81 is divided by y/(-18) + (-1)/(-6).
18
Suppose 4*x + g + 0*g = 40, -4*x = -3*g - 24. Let b = 4 - -28. Let h = b - x. Calculate the remainder when h is divided by 12.
11
Let x = -1 + 7. Calculate the remainder when 11 is divided by x.
5
Suppose 2*i + i - 72 = 0. Suppose 4*y - 2*o = i, 2*y + 3*o - 4 = -2*y. Let f = 13 - y. What is the remainder when 16 is divided by f?
7
Suppose 5*k - 4*l - 19 = 0, 5*k + 0*l - 17 = 2*l. Let i = -3 + k. Suppose i*z - 6 = -2*z - 2*r, 5*r = z - 27. What is the remainder when 12 is divided by z?
5
Suppose 6*h + 43 = 2*r + 3*h, -3*r + 62 = -2*h. Calculate the remainder when 57 is divided by r.
17
Let r(b) = 50*b**3 + b - 1. What is the remainder when r(1) is divided by 26?
24
Let v = 1 + 51. Calculate the remainder when v is divided by 18.
16
Suppose 8 - 23 = -k. What is the remainder when k is divided by 9?
6
Let r = 39 + -28. Suppose 5*i - 3 = 22. Suppose -i*o = -0*o - 105. What is the remainder when o is divided by r?
10
Let i(n) = n + 2. Let b be i(0). Suppose 3*m + 29 = p, 3*m = b*p + p - 69. Calculate the remainder when p is divided by 11.
9
Let r = -2 + -8. What is the remainder when 16/10*r/(-4) is divided by 2?
0
Let v be -2 + (2 - 1) + 4. Let a(o) = v*o - 3*o - 2*o + 2*o**2 + o. Calculate the remainder when 5 is divided by a(-1).
2
Suppose 2 = 2*w, u - 6*u + 804 = 4*w. Calculate the remainder when u is divided by 41.
37
Suppose 0 = -3*s - 0*s - 120. Let a(u) = 4*u**2 - 14*u + 9. Let i be a(6). Let b = s + i. Calculate the remainder when b is divided by 10.
9
What is the remainder when 9/6*(-54)/(-3) is divided by 14?
13
Suppose -w + 14 = 2*k, -28 + 6 = -3*k - 2*w. Calculate the remainder when ((-5)/(-10))/((-3)/(-138)) is divided by k.
5
Suppose 3*p + p - 82 = -2*h, 5*h + p - 178 = 0. Calculate the remainder when h is divided by 18.
17
Suppose -5*q + 20 + 40 = 0. Suppose -s + 7 = 4*j, -3*s + 20 - 6 = 5*j. Let n = 30 + s. Calculate the remainder when n is divided by q.
9
Let a(t) = t**3 + 4*t**2 - 5*t + 5. Let w be a(-5). Suppose x - 15 + 6 = 3*k, 35 = -5*x - w*k. Let z = x + 10. What is the remainder when 12 is divided by z?
5
Let d = 33 + -47. Let k = d - -28. What is the remainder when 27 is divided by k?
13
Let o(n) = 26*n + 2. Calculate the remainder when o(2) is divided by 19.
16
Let d(u) = 2*u - 4. Let g(b) = b**2 + 4*b - 3. Let y be g(-4). Let v = y - -10. Calculate the remainder when 19 is divided by d(v).
9
Let v(c) = 44*c. Let i(w) = -5*w. Let x(d) = -52*i(d) - 6*v(d). Calculate the remainder when 14 is divided by x(-1).
2
Let k = 1 - -7. Calculate the remainder when 86 is divided by k.
6
Let s = -2 - -14. Let z(i) = 2*i - 9. Let g be z(9). What is the remainder when (102/g)/(1/3) is divided by s?
10
Let d = 0 + 31. Calculate the remainder when 60 is divided by d.
29
Let v(r) = -6*r + 10. Calculate the remainder when 40 is divided by v(-2).
18
Let c(q) = -4*q**2 - 12*q + 1. Let b(w) = 5*w**2 + 13*w - 1. Let f(l) = 6*b(l) + 7*c(l). Calculate the remainder when f(4) is divided by 4.
1
Let a = 93 - 33. Suppose -4*z = -0*z - a. Calculate the remainder when 43 is divided by z.
13
Suppose -8 = 5*y - 7*y. Suppose 0 = 2*x - y, 2*k - 39 = 2*x + 21. Let f = -24 + 35. Calculate the remainder when k is divided by f.
10
Calculate the remainder when 26 is divided by 17 - (0 - 2/4)*-6.
12
Let l be 1 + 3*-1 + -1. Suppose 2*s + 29 - 1 = 0. Let j = l - s. What is the remainder when 31 is divided by j?
9
Let k(f) = f + 4. Calculate the remainder when (2 + 0)/((-2)/(-47)) is divided by k(8).
11
Suppose i = 4*i + 3*a - 69, -5 = -5*a. Let y = 0 - -12. Calculate the remainder when i is divided by y.
10
Let q = 2 - -10. Suppose -q = -2*p - 4*c + 8, 0 = -4*p + 5*c + 27. Let l = -7 - -12. What is the remainder when p is divided by l?
3
Suppose -105 = -6*k - 15. Calculate the remainder when k is divided by 10.
5
Calculate the remainder when 44 is divided by (-18)/(-6)*-2*6/(-4).
8
Let l be -1 + -5*(-1 - 0). Suppose 3*s = -3*m, 4*m + 5*s + 0*s = -l. Suppose 5 = q - m*p + 2, 3*p - 24 = -q. Calculate the remainder when 28 is divided by q.
13
Let l be 40/(-6)*12/(-10). Let d = l + 2. Let s = d + -6. Calculate the remainder when s is divided by 2.
0
Suppose 0 = 3*i + 9, 2*i + 15 = 3*h. Suppose -5*v + h*m = -241, v + 6*m - 4*m = 43. Let c = v - 16. Calculate the remainder when c is divided by 16.
15
Let o(f) = f**3 + 6*f**2 + 4. What is the remainder when o(-4) is divided by 20?
16
Suppose 3*m + m = 8. Suppose -3*n + 28 + m = 0. What is the remainder when n is divided by (-3)/(-6)*(-8)/(-1)?
2
Let p be (-3 + 5/2)*-4. Suppose -p = m + m, 3*c - m = 4. Calculate the remainder when 36 is divided by 6*3